
4ed
In base 11, what is -20 + -2395?
-2405
In base 7, what is 1605025 + 5?
1605033
In base 3, what is 10 - -1200202020000?
1200202020010
In base 11, what is 2165 - 23?
2142
In base 16, what is -b5 + -765?
-81a
In base 6, what is 1 - 314522?
-314521
In base 8, what is 247146 + 0?
247146
In base 16, what is -b6334 - 1?
-b6335
In base 16, what is -4b + -270?
-2bb
In base 11, what is 86 + 152?
228
In base 15, what is 2 - -57129?
5712b
In base 6, what is -1 - 1001044?
-1001045
In base 14, what is -3 - -3264?
3261
In base 14, what is 378bc + 3?
378c1
In base 10, what is 2993 + 7?
3000
In base 16, what is 0 + -27995?
-27995
In base 14, what is 9da + -c?
9cc
In base 2, what is 100000111000 + -1111?
100000101001
In base 3, what is 2121221 - 212?
2121002
In base 12, what is 3b - -9871?
98b0
In base 16, what is -4a + -26?
-70
In base 13, what is 6a14 - 0?
6a14
In base 12, what is -159 + -772a?
-7887
In base 6, what is -22455 - 151?
-23050
In base 15, what is -dde4 - -16?
-ddcd
In base 2, what is -10010010110000101100 - 0?
-10010010110000101100
In base 8, what is 2 + 5206?
5210
In base 14, what is 2c4 - -d4?
3b8
In base 13, what is 3 + 720b1?
720b4
In base 5, what is 4111233 - -4?
4111242
In base 16, what is e0e + 21?
e2f
In base 14, what is 2743 + -7?
273a
In base 16, what is 7 + 90f?
916
In base 15, what is -8c - -da?
4d
In base 10, what is -20 + 30554?
30534
In base 12, what is a + a94a?
a958
In base 14, what is 1b9a - -195?
1d51
In base 16, what is -c + 611b?
610f
In base 9, what is 2 + 106425?
106427
In base 5, what is -1 + 3332?
3331
In base 13, what is -136c - 10a?
-1479
In base 3, what is 222020 - 100010?
122010
In base 5, what is 420 + -111?
304
In base 2, what is 111010010 + 0?
111010010
In base 10, what is -2 - 273135?
-273137
In base 7, what is -1 - -2421113?
2421112
In base 14, what is -3 - a0512?
-a0515
In base 6, what is -53 + 21210?
21113
In base 11, what is 173 + -23?
150
In base 2, what is 100 - 110101001101010?
-110101001100110
In base 5, what is 41 + -2120?
-2024
In base 4, what is 1 - -2203333203?
2203333210
In base 2, what is 100011 - -10011101001000?
10011101101011
In base 11, what is 0 - -489304?
489304
In base 14, what is -72c9 - -20?
-72a9
In base 9, what is 265 - -486?
762
In base 14, what is -130b + -8?
-1315
In base 4, what is -120230 - -113?
-120111
In base 15, what is 1 - 2704?
-2703
In base 14, what is -921da - -4?
-921d6
In base 9, what is 42 + -575?
-533
In base 14, what is 20d - -111?
320
In base 2, what is 100001010010010 + 100?
100001010010110
In base 12, what is 32 + -318?
-2a6
In base 3, what is -21 - -1021111022100?
1021111022002
In base 9, what is 1715 - 258?
1446
In base 8, what is 0 + -3005276?
-3005276
In base 13, what is -5 - 180b9?
-180c1
In base 13, what is 10670 - -1b?
1068b
In base 16, what is 2 - 55dd?
-55db
In base 3, what is -10101 - -2102120?
2022012
In base 12, what is 2 - 8117?
-8115
In base 5, what is -2224 + 4423?
2144
In base 9, what is 2573 - 140?
2433
In base 2, what is -1110100 + 110100000?
100101100
In base 11, what is 49a2 + 4?
49a6
In base 6, what is -14151 + -3152?
-21343
In base 12, what is -2571b66 + 4?
-2571b62
In base 6, what is 1524 + -55?
1425
In base 8, what is -427 - -53?
-354
In base 16, what is 19df + 0?
19df
In base 4, what is -1 - -1130112323?
1130112322
In base 8, what is 71030 + 0?
71030
In base 6, what is 3321203 + -4?
3321155
In base 9, what is -10848 - -13?
-10835
In base 3, what is 10 + 202101212?
202101222
In base 8, what is -430 - 1642?
-2272
In base 2, what is 1001111111101001 - 1011?
1001111111011110
In base 14, what is -1d92b - 0?
-1d92b
In base 14, what is -a4 + 2c2?
21c
In base 8, what is 113 + 17433?
17546
In base 10, what is 8 + 47643?
47651
In base 3, what is 11 + -101211000202?
-101211000121
In base 6, what is 2105 - -1153?
3302
In base 6, what is 552 + -1022?
-30
In base 14, what is -c74 + -21?
-c95
In base 9, what is 5 - 44301?
-44285
In base 16, what is -199d - 9?
-19a6
In base 16, what is -447 - -10fc?
cb5
In base 13, what is 2788 + 13?
279b
In base 10, what is -1076 - 101?
-1177
In base 15, what is -9cc2 + -3?
-9cc5
In base 2, what is 111 - 100101001001011101?
-100101001001010110
In base 13, what is -a66 - -24?
-a42
In base 2, what is -110010 - 110001101101010?
-110001110011100
In base 4, what is -1212233 - 2?
-1212301
In base 5, what is -111 - -1313?
1202
In base 11, what is 13742 + -11?
13731
In base 14, what is -6a4a - 3?
-6a4d
In base 14, what is -d6 + 24?
-b2
In base 15, what is 1cc - 723?
-546
In base 5, what is -30 + 23321?
23241
In base 9, what is 122 + 40803?
41025
In base 2, what is 10001 + -1011000111111?
-1011000101110
In base 12, what is -230 - -1160?
b30
In base 13, what is 694002 + 0?
694002
In base 6, what is -3 - -3450333?
3450330
In base 9, what is 24700 - -3?
24703
In base 7, what is 226301 - 3?
226265
In base 12, what is 5 + -12aa?
-12a5
In base 4, what is 20113220 - 11?
20113203
In base 16, what is 61a + -18a?
490
In base 3, what is -12001 - 120020?
-202021
In base 5, what is -20 - 103211?
-103231
In base 9, what is 1225136 + -1?
1225135
In base 12, what is 201 - 1141?
-b40
In base 3, what is -10200202 - 1011211?
-11212120
In base 16, what is -5 - 8663e?
-86643
In base 3, what is 1001 + -2020000?
-2011222
In base 10, what is -514587 + -2?
-514589
In base 3, what is 10210020222 + 0?
10210020222
In base 15, what is 1b + 109b0?
109cb
In base 7, what is -4 - -11440511?
11440504
In base 3, what is 10112220201 + -1120?
10112212011
In base 14, what is 40 + -52?
-12
In base 12, what is -74b + 40?
-70b
In base 11, what is 1a6 + 26?
221
In base 2, what is -101110100 + 110100100110?
101110110010
In base 13, what is -2 + 7462?
7460
In base 4, what is 3122230 + 11?
3122301
In base 11, what is -9182 + 64?
-9119
In base 14, what is -2 + 17bba?
17bb8
In base 16, what is 4 - 6c8?
-6c4
In base 8, what is -253 + -260?
-533
In base 3, what is -2001200112 - 111?
-2001201000
In base 14, what is -2 + 573b7?
573b5
In base 4, what is -10 + 120331330?
120331320
In base 10, what is 23531 - 147?
23384
In base 3, what is 22101121002 + 10?
22101121012
In base 10, what is -1 + 431910?
431909
In base 9, what is 6 + -400051?
-400044
In base 8, what is -17 + 25666?
25647
In base 12, what is 41 + -13a?
-b9
In base 12, what is 54 + -bab?
-b57
In base 9, what is 78360 + 1?
78361
In base 7, what is 205 + 2156?
2364
In base 2, what is -100 - 111000111100100?
-111000111101000
In base 14, what is 54 - -a3d4?
a448
In base 10, what is 28874 + -4?
28870
In base 11, what is -86922 + 2?
-86920
In base 9, what is -1 - 123567?
-123568
In base 13, what is -82a652 - -5?
-82a64a
In base 9, what is -41200 + 2?
-41187
In base 13, what is -6 - -3397?
3391
In base 13, what is 9370b + -3?
93708
In base 16, what is -3998 - 2?
-399a
In base 9, what is 1616 - 146?
1460
In base 3, what is 111101 + 2020101?
2201202
In base 13, what is -164 - -3b08?
3974
In base 3, what is 12 - 11101020021?
-11101020002
In base 15, what is -1e + 5b2?
593
In base 16, what is -15 - -931e?
9309
In base 3, what is 11022111111 + -110?
11022111001
In base 4, what is 0 - 203130020?
-203130020
In base 3, what is 11100210 - -120?
11101100
In base 15, what is -2d2c - -10?
-2d1c
In base 8, what is -44 + 2477?
2433
In base 12, what is 1734 - 28?
1708
In base 11, what is -3 - -7525?
7522
In base 5, what is 2 + -134210?
-134203
In base 3, what is 10 - -100022221110?
100022221120
In base 9, what is -1055 - 286?
-1352
In base 8, what is 11 - 76721?
-76710
In base 16, what is -7 + 276f?
2768
In base 10, what is 25375 + -9?
25366
In base 3, what is 20 - -10012212212?
10012220002
In base 6, what is -13 - 5044221?
-5044234
In base 5, what is 2324002 - -21?
2324023
In base 10, what is -3038 + -4?
-3042
In base 5, what is 12334 + -23002?
-10113
In base 6, what is 55 - -2022?
2121
In base 8, what is 3 - 177077?
-177074
In base 4, what is -3001 + 121?
-2220
In base 11, what is 15766 - 4?
15762
In base 8, what is -52 - -11570?
11516
In base 8, what is 3 - -4377?
4402
In base 6, what is -2 - -505200?
505154
In base 13, what is -5641 - a?
-564b
In base 2, what is 110100100001100111 + 1?
110100100001101000
In base 16, what is -6 - 7416?
-741c
In base 4, what is 213000 - -3?
213003
In base 9, what is 245 + -86?
148
In base 11, what is -1